ose -5 = -2*s - t, -4*s = -0*t - 3*t - 15. Let b be ((-724)/6)/(s/(-9)). Suppose 5*f + 127 = b. Is f a composite number?
False
Let s(u) = -u**3 + 10*u**2 - 7*u - 13. Let m be s(9). Suppose -803 = -2*p - m*q, -4*q + 1627 = 4*p - q. Is p a prime number?
True
Suppose 0 = -4*a + 4348 + 4048. Is a prime?
True
Let f = -306 + 2856. Suppose 6*x + f = 37644. Is x a composite number?
False
Let i(g) be the third derivative of 13*g**6/72 + g**5/120 - g**4/24 + 2*g**3/3 - g**2. Let v(j) be the first derivative of i(j). Is v(1) composite?
True
Let c = 27 - 27. Suppose c = 2*g + 503 - 2061. Is g prime?
False
Suppose -3*p - 5*d + 137 - 2004 = 0, 10 = -2*d. Let q = p + 1263. Is q prime?
False
Suppose -4*v + 11 = 3. Is 1 + v - 0/5 - -550 a prime number?
False
Let h = -52 + 56. Suppose -2*d + 7 = -5. Is 2060/h*d/15 composite?
True
Let t(g) = -g**3 - 5*g**2 - 4*g - 5. Let b be t(-4). Let w(x) = 6*x**2 + 8*x + 5. Let r be w(b). Suppose 0 = a - 6*a + r. Is a a composite number?
False
Suppose 0 = 2*u - 4 - 0. Let j be (u - 0)*(-2 + 4). Suppose -2*h = -2*c - 600, j*h - c - 1685 = -470. Is h composite?
True
Let f(a) = 43*a**3 + 4*a**2 - 43*a + 1. Is f(5) composite?
False
Let g(j) = j**3 - 5*j**2 - 2*j + 12. Let h be g(5). Let p be (-10)/20 + 1061/h. Suppose 7*c - 2*c - p = 0. Is c prime?
False
Let h(i) = i**3 - 10*i**2 + 7*i + 5. Let z be h(9). Let q(r) = -57*r - 8. Is q(z) a composite number?
False
Let b = -2682 - -3893. Let h = 587 - b. Let r = -433 - h. Is r a prime number?
True
Is (4 - -1 - (-11135)/10)*10 prime?
False
Suppose -6534 = -2*i - 4*t, 12*i - 9779 = 9*i + 5*t. Is i a composite number?
True
Is (-11 - 137)*((-5361)/12)/1 prime?
False
Let k(l) be the third derivative of l**5/60 + 5*l**3/6 - 9*l**2. Is k(-12) a composite number?
False
Suppose 3*t - 6 = 288. Suppose 0 = -s + 3*s - 518. Let m = s - t. Is m a prime number?
False
Let h(i) = 2*i + 32. Let w be h(-16). Let o be 1022/1 - (-1 + 2). Suppose w = 3*x + 5*k - o, 1 - 3 = -k. Is x a composite number?
False
Suppose -2*h - 2*v + 4*v + 1634 = 0, 4*v = -3*h + 2423. Is h prime?
False
Let n be 1/(3/42)*74/(-4). Is (-3 + n)*(-9)/9 prime?
False
Suppose 0 = 2*i - 3*f - 237, i - 6*i + 595 = -5*f. Suppose 1230 - i = 6*o. Is o composite?
True
Let p(c) be the first derivative of -c**3/3 - c**2/2 + 155*c + 6. Let f be (0 - 1)*(2 - 2). Is p(f) a composite number?
True
Let q be 501/(-1*(-9)/24). Suppose r = 1815 + q. Is r a composite number?
True
Let t(k) = 10*k + 5. Let s(z) = 7*z + 3. Let v(g) = 7*s(g) - 5*t(g). Let r be v(-8). Suppose -702 + 34 = -r*d. Is d a composite number?
False
Suppose -5*z = 4*u - 26, 4*u = 8*u - 2*z - 12. Let o(f) = -9 + 16 + 2*f + u*f. Is o(8) prime?
False
Let o be -2 + -2*(-12)/8. Let c be o - (-3 + 2/1). Suppose 0 = b - 3*b + c*h + 36, -2*b + 37 = -h. Is b composite?
False
Let y(x) = x**3 + 34*x**2 + 33*x + 13. Let g be y(-33). Let f(d) = -17 + 4*d - 4*d + 4*d. Is f(g) a composite number?
True
Let r = 147 - -100. Suppose x = -r + 1286. Is x prime?
True
Suppose -41*d + 15 = -44*d. Let y(o) = -55*o + 12. Is y(d) composite?
True
Let o = -16 - -23. Is (5 - o)/(2/(-211)) composite?
False
Suppose 60 = -7*n + 2*n. Let l(s) = -5*s**3 - 65*s**2 - 75*s + 85. Let p(c) = -c**3 - 13*c**2 - 15*c + 17. Let r(a) = -2*l(a) + 11*p(a). Is r(n) composite?
False
Let j(z) = -z**3 - 15*z**2 + 17*z + 13. Let p be j(-16). Is p/(1 - 4) + 1410 a prime number?
False
Let z = 1443 - -4658. Is z composite?
False
Let u = 2349 + -625. Suppose 2*d - 3*d + u = -5*t, -4*d + 6959 = t. Is d a prime number?
False
Suppose -k - 72 = -5*k. Suppose -k*h + 19*h = -28. Is (-8)/h + 262/14 a prime number?
True
Let k(o) = -94*o**2 + o. Let h be k(-2). Let b be 0 - (h + (1 - 4)). Suppose -i - b = -4*i. Is i composite?
False
Let m = 64 + -89. Let h be m/(-9) - 2/(-9). Suppose -h*n + 2*o + 221 = o, n - 71 = 3*o. Is n a prime number?
False
Let j = -2168 + 3223. Is j a composite number?
True
Let z(n) = 234*n - 95. Is z(28) prime?
False
Suppose 202*o + 151229 = 215*o. Is o composite?
False
Suppose 5*x - 15 = 3*m - 0, 2*m + 5*x = -10. Let v(a) = 13*a**2 - 4*a - 3. Let t be v(m). Let l = t - 231. Is l composite?
True
Let j(d) = 4158*d**2 - 78*d + 361. Is j(5) composite?
True
Suppose 15*c = 15089 + 3706. Is c a composite number?
True
Suppose 5*b = 3*d + 41, 0 = -b + 3*d + 1 - 0. Suppose 6*f - f + 3*c = 1660, 0 = 2*c + b. Is f composite?
True
Let n(m) = m**3 + 22*m**2 - 57*m + 13. Is n(-21) composite?
True
Suppose i - 44 - 11 = 5*o, -35 = 2*o - 3*i. Let k(s) = 12*s**2 + 24*s - 7. Is k(o) a prime number?
True
Suppose 4*x + 5*b = 2593, x - 660 = 4*b - 17. Is x composite?
False
Let h be 80/50*5/2. Suppose 2590 = h*t - 3*i, 5*t = -5*i - 310 + 3565. Is t a prime number?
False
Suppose 81*k - 76*k = 29905. Is k composite?
False
Let p = -13 + 13. Suppose p = -4*u - 2*d + 4690, -2*u - 3*u - 2*d + 5861 = 0. Is u prime?
True
Suppose -12*k + 45 = -17*k. Let w(m) = -35*m - 38. Is w(k) composite?
False
Let i = -12169 + 30270. Is i prime?
False
Let m(s) = -2087*s - 548. Is m(-27) a prime number?
False
Suppose 122*r - 546 = 125*r. Let a = 288 + r. Is a a composite number?
True
Suppose -3*w - 1 - 7 = -2*s, 3*s - 2*w = 17. Is 3246*(s/3 + -2) a prime number?
False
Suppose -2*g + 2 = 0, 4*t - 2*t - 10758 = 4*g. Is t a composite number?
False
Suppose -54*u + 345501 = 56655. Is u prime?
False
Suppose -348*k + 343*k + 4190 = 0. Is k prime?
False
Let p(t) = 1349*t + 64. Is p(3) a composite number?
False
Suppose 4*g = 9 - 1. Suppose 14 + g = 4*t. Is (139/t)/((-4)/(-16)) a composite number?
False
Let j(i) = -3*i**2 - 6*i - 5*i**2 + 6*i. Let w be j(1). Is (-6)/(1 - w/(-4)) composite?
True
Let k be (-2)/(-8)*(14 - 14). Suppose 4*h + k*h - 316 = 0. Is h a prime number?
True
Let q be 0*(-2)/(-4)*1. Suppose q = 4*k - 4, -2*v + 3*k = v - 2754. Is v a prime number?
True
Let b = -7 + 30. Suppose -5*q - 3 = -b. Suppose 3*h + 1469 = 4*i, 3*h = -q*i - 2*h + 1509. Is i prime?
False
Let j(r) = -47*r + 5. Let t(p) = 236*p - 26. Let o(y) = 11*j(y) + 2*t(y). Let k be o(-3). Let m = 5 + k. Is m a prime number?
False
Let o(s) = -2*s**2 - 15*s + 10. Let x be o(-8). Let w(p) = 32*p**2 - p + 1. Is w(x) prime?
True
Let x = 2173 - -5901. Suppose 0 = 2*m - 0*m - x. Is m a prime number?
False
Suppose -4 = z - 6, -2*z + 22 = 3*w. Suppose w*o - o - 2*j = 1063, -j - 848 = -4*o. Is o composite?
False
Let a(v) be the second derivative of -v**4/12 + 13*v**3/6 - 3*v**2/2 - 10*v. Is a(12) a prime number?
False
Suppose 26*u = 30*u - 20. Suppose -4*f + 4431 = 2*w + f, 2*w - 4401 = f. Suppose 1325 = -0*b + 3*b + m, -3*m + w = u*b. Is b a prime number?
True
Let u = -91 + 91. Suppose -4*f + 17235 - 3271 = u. Is f a prime number?
True
Let u be ((-10)/6)/5 + 34/3. Suppose -3*l = u*l - 16436. Is l prime?
False
Let k = 7960 + -677. Is k a prime number?
True
Suppose 0 = -17*u + 16*u. Suppose -o + 0*o = 2, u = -p - 4*o + 141. Is p a composite number?
False
Let o be (7254/(-4) + -5)/((-2)/4). Suppose o = 3*f - 1040. Is f composite?
False
Suppose -561 - 1994 = -5*y. Suppose -5*h - 1740 = -5*u - 0*u, u - 3 = 0. Let p = y + h. Is p a prime number?
False
Let r(t) = -83*t + 2. Is r(-7) a composite number?
True
Suppose -7 = -5*k + 33. Suppose -5*q + k = -2. Suppose 0 = -p - q + 117. Is p a composite number?
True
Suppose 15*v - 706 = 83324. Is v a composite number?
True
Let o = 27185 - -7846. Is o a composite number?
True
Let a(o) be the second derivative of o**5/20 - 3*o**4/2 - 3*o**3/2 + 27*o**2/2 - 6*o. Is a(19) prime?
False
Let b be (-8)/10*(-50)/20. Suppose -2*t + 6 = 0, b*l - t + 359 = 6*l. Is l composite?
False
Let o(s) = -4*s - 21. Let i be o(-6). Suppose 4*m - 506 = -2*l - 0*m, -i*m - 520 = -2*l. Is l composite?
False
Let n(a) be the third derivative of a**6/6 - a**5/20 - 5*a**4/24 - a**3/6 - 10*a**2. Is n(4) a prime number?
False
Suppose 0 = -g - u + 30772, -4*g - 17*u + 21*u + 123064 = 0. Is g a composite number?
True
Let k = -727 + 2570. Is k prime?
False
Suppose -1 = -2*z - 21. Let x = z - -15. Suppose 93 = -3*r + 3*d + 2757, x*r = 2*d + 4437. Is r a prime number?
True
Suppose 69*t - 1014498 = 1347441. Is t composite?
False
Let y(w) = -482*w**3 - w. Let u be y(-1). Let o = -218 + u. Is o composite?
True
Suppose 6*q - 3*q - 6 = 0. Suppose 0 = -q*d - 1157 + 2827. Is d prime?
False
Suppose 2*j - 4*b = -3*j + 